hest common divisor of 35 and n?
7
Let q = 32 + 108. What is the greatest common factor of 56 and q?
28
Suppose 0 = 2*i + 3*i - 70. Let w be 38/i - 8/(-28). Suppose q - 19 = w. Calculate the highest common factor of 55 and q.
11
Let w(c) be the second derivative of 0 + 1/6*c**3 - 2*c**2 + 3*c. Let z be w(6). What is the highest common factor of 3 and z?
1
Let p be 32 + 0 + (-7 - -5). Suppose 3*j + 5*x - 21 = 0, 3*j + 4*x = -6 + p. Calculate the greatest common divisor of j and 12.
12
Suppose 2*v - 4 = v. Suppose 4*p - b - 40 + 293 = 0, -116 = 2*p - 4*b. Let f = p + 100. Calculate the greatest common factor of v and f.
4
Let k = -3 + 4. Let s be ((-2)/3)/(k/(-3)). Let l be (13 - (-1 + 0)) + s. Calculate the highest common factor of 4 and l.
4
Let s = -23 - -53. Let a be 15/10*(1 + 1). Suppose a*m = m + 40. Calculate the highest common divisor of s and m.
10
Let y(s) be the second derivative of 14*s**3 + s**2/2 - s. Let k be y(1). What is the highest common divisor of 17 and k?
17
Suppose -p + 3 = 0, p - 4*p + 18 = 3*k. Calculate the greatest common factor of 33 and k.
3
Let v(f) = f**3 - 11*f**2 + 10*f + 2. Let l be v(10). Suppose 3*t + 2*t = -5*k + 55, 2*k - l = 0. What is the highest common factor of 10 and t?
10
Suppose -q + 24 + 4 = 0. Let l be 2/(-7) - (-400)/q. Let k(x) = 55*x**2 - 2*x - 1. Let w be k(-1). Calculate the greatest common divisor of l and w.
14
Let t be (-2)/(2 + (1 - 2)). Let h(p) be the first derivative of p**3/3 - p**2 + 2. Let g be h(t). What is the greatest common divisor of 8 and g?
8
Let c = -966 - -1398. What is the highest common divisor of 48 and c?
48
Suppose 4*p - 24 = 4*o, 3*p + 5*o = 2*p - 6. What is the highest common factor of p and 16?
4
Let u = 82 + -42. Calculate the highest common divisor of 20 and u.
20
Let s be 5 - (-3)/(2 - 3). Suppose -s*f - 32 = -4*f. What is the highest common factor of f and 16?
16
Let l = 1 + 8. Let g = -27 - -54. Calculate the highest common factor of g and l.
9
Let a be 3224/72 + (-4)/(-18). What is the greatest common factor of 5 and a?
5
Let s be (1 - 3) + -1 - -5. Let j be s - (3 + 2) - -14. What is the greatest common divisor of j and 88?
11
Suppose -b + 9 = 2*b. Let d(a) = 24*a + 3. Let z be d(6). Suppose -b*p + z = -0*p. What is the highest common factor of p and 7?
7
Let l(r) = 3*r + 4*r**2 - 3 + r - 3*r**2 + 4. Let d be l(-6). Calculate the greatest common factor of d and 26.
13
Let r(o) = -2*o**3 + o**2 + 4*o + 1. Let c be r(-2). Calculate the highest common divisor of 26 and c.
13
Let f be 154/6 - 12/(-36). Let o(r) = -65*r. Let j be o(-1). Calculate the greatest common factor of f and j.
13
Let x be 8*(-1)/(2/(-4)). Let g be ((-8)/6)/(2/6). Let k be (-24)/3*(g + 2). What is the highest common factor of k and x?
16
Suppose -4*l - 7 = 17. Let y = l - -10. Suppose 4*i + 60 = y*r, i + 4 = 3*i. What is the highest common factor of r and 187?
17
Let s be 24/9 + 4/(-6). Suppose -s*x - x = 4*c - 755, 5*x - 2*c = 1267. Calculate the highest common divisor of x and 23.
23
Suppose 140 = 29*w - 237. Suppose -3*m + 7*m = -s + 64, m + 101 = 2*s. Calculate the greatest common factor of s and w.
13
Suppose -v + 21 = 2*v. What is the highest common divisor of v and 77?
7
Let w = 13 + 13. Calculate the greatest common divisor of w and 65.
13
Let r be ((-2)/(-8))/(8/416). Calculate the highest common factor of 117 and r.
13
Suppose -49*j = -45*j - 360. Calculate the greatest common divisor of j and 10.
10
Suppose 2*m = -4*m + 702. Calculate the greatest common divisor of 13 and m.
13
Let u(n) = -n**2 + 8*n - 7. Let q be u(3). Calculate the greatest common factor of 40 and q.
8
Suppose 0 = -k - 1, 2*k = -5*y + 58. What is the highest common factor of y and 12?
12
Let m(u) = u**2 + u. Let g be m(-7). Let l(c) = -4*c + 2. Let j = 4 - 7. Let a be l(j). Calculate the greatest common divisor of a and g.
14
Let h = -26 - -37. Let j = 2 - h. Let b = j + 25. What is the greatest common factor of 16 and b?
16
Suppose -5*x = 3 + 17. Let a be (-1 - x) + (11 - 8). Calculate the highest common divisor of a and 36.
6
Let m be (3/4)/((-7)/(-112)). Calculate the greatest common divisor of m and 96.
12
Let g be (-2*3)/(6/(-20)). What is the highest common factor of 40 and g?
20
Let g(l) = 4*l**3 + 23*l**2 - 6*l + 3. Let b be g(-6). What is the highest common divisor of 12 and b?
3
Suppose 2*r + b - 16 = 23, -4*b + 96 = 5*r. Calculate the highest common divisor of r and 20.
20
Let d(o) = -o + 12. Let k be d(6). What is the highest common factor of 54 and k?
6
Suppose -2*b = -5*c - 61, -c - 29 = 3*c + 5*b. Let w be (-2)/c - 650/(-55). What is the greatest common divisor of w and 12?
12
Let f = 0 - 6. Let c = -3 - f. Suppose -2*b + c*b - 3 = 0. Calculate the highest common divisor of b and 21.
3
Suppose 14 = 4*y - 2. Calculate the greatest common divisor of y and 20.
4
Let v(u) = u**2 - 4*u + 13. Let i be v(5). Let r = i + -9. What is the highest common factor of 6 and r?
3
Suppose f - 1 - 3 = 0. Let i be (-4)/(-6)*(11 + 1). Suppose f*m + 3*d - 24 = -0*d, -4*m = -d - i. Calculate the greatest common divisor of 9 and m.
3
Let i(k) = -2*k - 4. Let z be i(-4). Let v = -5 + 7. Suppose -33 = -v*c + 5*o, -c - o - 2 + 1 = 0. Calculate the highest common factor of c and z.
4
Let i(m) = -277*m - 1. Let d be i(-4). Suppose 0*k = 3*k - d. Suppose f - 4*f + 3*z = -k, 4*f - 476 = -4*z. Calculate the greatest common divisor of f and 11.
11
Suppose -3*a = 5*d + a - 45, -d = 3*a + 2. What is the greatest common factor of d and 52?
13
Suppose -3*h = 2*h - 5*b - 145, 5*h - 137 = 3*b. Calculate the highest common divisor of 225 and h.
25
Suppose -57 = -4*s + 75. Let m be ((-2)/4)/(1/(-6)) + 0. What is the greatest common factor of s and m?
3
Let f(y) = 8*y + 1. Let s be f(3). Let p = s + -56. Let l = p + 67. Calculate the highest common factor of 6 and l.
6
Suppose 6*h = -o + h + 34, 5*h = 5*o - 140. What is the greatest common factor of o and 116?
29
Let m = 11 - -7. Calculate the greatest common factor of m and 6.
6
Let c be (-29)/(-9) + (-2)/9. Let x = 23 - 18. Let v be (-2)/(-10) - (-29)/x. Calculate the highest common factor of c and v.
3
Let x(k) = k**3 - k**2 - k + 6. Let t be x(0). What is the greatest common factor of t and 18?
6
Let q be ((-2)/3)/((-12)/306). What is the greatest common factor of 187 and q?
17
Let t(u) be the third derivative of -u**6/60 - 3*u**5/20 - u**4/6 + u**3/6 + 5*u**2. Let h be t(-6). What is the highest common divisor of 19 and h?
19
Let y be -5 + (-2)/(-6)*21. Let b = 1 + -3. Let d be (b/(-1))/1 + 12. Calculate the highest common factor of d and y.
2
Suppose -5*f + f = -704. Let x = -11 - -27. Calculate the highest common factor of f and x.
16
Let d = -152 + 232. Let w be 3/(-4)*d/(-30). What is the greatest common factor of w and 4?
2
Let v(d) = -d**2 + 13*d - 5. Let t be v(12). Let c = 11 - 8. Let u = t - c. What is the highest common factor of u and 44?
4
Let c = 14 - 3. Suppose 4*f - 3*n = 76, 0 = -5*f - 4*n + 89 + 37. What is the greatest common divisor of c and f?
11
Suppose 0 = 3*t - 433 - 119. Suppose -167 = -5*h + 4*c, 5*h - 3*c = -20 + t. Let s = h + -22. What is the highest common factor of s and 9?
9
Let z(u) = 2*u - 6. Let k(q) = -q + 1. Let l be k(-6). Let n be z(l). Suppose 3*i + 88 = 4*i. What is the greatest common factor of n and i?
8
Let x be -2 + 415/(5/1). What is the highest common divisor of 9 and x?
9
Let b(c) = c**2 + 12*c - 15. Let g be b(-15). Let w = -7 + 2. Let s = w - -15. Calculate the greatest common factor of s and g.
10
Suppose 0 = -4*y - 45 + 157. Let q(n) = n + 3. Let t be q(4). Calculate the greatest common divisor of t and y.
7
Suppose p = -z + 4 + 1, -3*p = -2*z - 10. Calculate the greatest common factor of 10 and p.
2
Let c = 8 + 4. Suppose -12 = -5*h + 18. Suppose -k - 120 = -h*k. What is the highest common divisor of k and c?
12
Suppose 3*j = -2*y - 2*j + 38, -4*y = -4*j - 20. Let o be (-2)/7 - 30/42. Let z be o/(4/(-52)) - 4. Calculate the greatest common factor of y and z.
9
Let p = 146 - 124. Calculate the greatest common divisor of p and 330.
22
Let k(g) = 2*g**3 - 8*g**2 + 3*g - 1. Let b be k(5). Calculate the highest common divisor of 16 and b.
16
Let c = 63 - 36. Suppose -2 - 34 = -2*i. What is the greatest common divisor of i and c?
9
